 - 30*l + 1. What is u(3)?
1
Let s(t) = -15*t - 22. Give s(7).
-127
Let u(o) = o**2 - 10*o - 27. Calculate u(13).
12
Let r(a) = 2*a**2 - 3*a + 2. Determine r(-3).
29
Let q(h) = -h**3 + 5*h**2 - h - 7. What is q(5)?
-12
Let o(m) = -m**2 + 9*m - 6. Give o(7).
8
Let g(u) = -3*u + 6. Calculate g(0).
6
Let p(z) = -z**3 - 4*z**2 + 11*z + 3. Give p(-6).
9
Let n(j) = j**2 + 11*j + 9. Determine n(-10).
-1
Let f(d) = d**2 - 9*d + 14. What is f(4)?
-6
Let i(h) = -h - 8. Give i(-15).
7
Let o(q) = 5*q - 10. What is o(4)?
10
Let s(q) = -q**3 - 6*q**2 + 3*q - 4. Give s(-7).
24
Let b(q) = 6*q + 45. What is b(-10)?
-15
Let q(r) = r - 14. Give q(8).
-6
Let n(a) = -a**2 + 15*a + 9. Calculate n(15).
9
Let g(d) = d**3 - 6*d**2 - 10*d + 8. Calculate g(7).
-13
Let y(f) = -f + 23. What is y(17)?
6
Let x(n) = n**2 + 11*n - 216. What is x(-21)?
-6
Let q(w) = -w**3 - 8*w**2 - 2*w + 8. Give q(-8).
24
Let y(k) = -k**3 + k**2 - 10*k + 3. What is y(4)?
-85
Let l(y) = 2*y**2 + 57*y + 170. Give l(-3).
17
Let g(z) = -z**3 + 10*z**2 - 16*z - 23. Calculate g(7).
12
Let t(x) = x**2 + 4*x + 1. Calculate t(-3).
-2
Let a(j) = -j - 1. What is a(-1)?
0
Let g(q) = -q**3 - 19*q**2 - 61*q - 13. What is g(-15)?
2
Let s(o) = o**3 - 14*o**2 - 14*o - 18. Calculate s(15).
-3
Let l(f) = f**2 - f - 41. Calculate l(-6).
1
Let f(z) = -z**2 - 2*z - 1. Determine f(1).
-4
Let k(q) = -q**3 + 6*q**2 - 3*q. What is k(5)?
10
Let b(g) = 2*g - 11. Calculate b(-6).
-23
Let a(d) = -64*d - 453. What is a(-7)?
-5
Let q(i) = 3*i**2 + 4*i + 10. What is q(-3)?
25
Let o(j) = j**2 + 6*j - 125. What is o(8)?
-13
Let k(u) = -u**3 + 5*u**2 + 7*u - 13. Give k(6).
-7
Let n(t) = 11*t + 15. What is n(-7)?
-62
Let u(s) = -3*s - 5. What is u(1)?
-8
Let p(z) = -54*z**3 - 4*z**2 - z. Calculate p(-1).
51
Let w(p) = -p + 8. What is w(-4)?
12
Let q(c) = c. Calculate q(7).
7
Let n(c) = 2*c + 13. Determine n(-11).
-9
Let c(f) = -f**2 - 3*f - 5. What is c(-2)?
-3
Let k(z) = z**3 + z**2 - 1. Calculate k(2).
11
Let t(y) = 7*y + 5. Calculate t(-1).
-2
Let k(p) = 49*p. Give k(-1).
-49
Let m(d) = 2*d + 4. Determine m(-4).
-4
Let h(t) = 13*t - 5. Calculate h(2).
21
Let c(t) = -t + 43. What is c(0)?
43
Let k(v) = -14*v**2 - v - 1. Give k(-1).
-14
Let r(t) = -t**2 - 28*t - 54. What is r(-26)?
-2
Let j(m) = m**3 - 8*m**2 + m + 5. Determine j(8).
13
Let o(g) = -9*g + 2. Calculate o(1).
-7
Let f(u) = 14*u + 2. Give f(0).
2
Let z(b) = b**2 + 9*b - 12. Give z(-11).
10
Let l(v) = -v**3 - 5*v**2 - 6*v - 7. Give l(-3).
-7
Let f(g) = 11*g - 137. What is f(14)?
17
Let i(v) = -7*v + 59. Give i(8).
3
Let h(y) = y**3 - 2*y**2 + y - 4. Give h(3).
8
Let f(c) = c**3 - c**2 - c + 16. Determine f(0).
16
Let k(o) = -2*o + 16. What is k(7)?
2
Let a(o) = o**3 - 7*o**2 + 4*o - 9. Determine a(8).
87
Let s(j) = 34*j**2 + 1. Determine s(-2).
137
Let i(v) = 5*v**2 - 31*v + 2. Calculate i(6).
-4
Let r(a) = a + 3. Calculate r(21).
24
Let d(z) = z**2 + 27*z + 52. What is d(-25)?
2
Let i(s) = 2*s**2 - 5*s - 3. What is i(4)?
9
Let j(r) = 2*r**3 - 62*r**2 + 5*r - 160. What is j(31)?
-5
Let k(q) = q**2 - 11*q + 15. Calculate k(10).
5
Let h(o) = o**3 - 3*o**2 - 8*o + 7. Determine h(4).
-9
Let q(n) = n**3 + 13*n**2 + 14*n + 12. What is q(-12)?
-12
Let w(i) = -i**3 + i**2 + 19*i + 1. Calculate w(5).
-4
Let o(c) = 32*c - 55. Determine o(2).
9
Let n(w) = w**3 - 9*w**2 + 8*w - 21. Determine n(9).
51
Let s(x) = 30*x + 313. Determine s(-11).
-17
Let i(b) = -b + 31. Calculate i(24).
7
Let s(q) = 2*q**3 + 22*q**2 - 3*q - 21. Calculate s(-11).
12
Let m(w) = -2*w - 21. What is m(-14)?
7
Let i(k) = -k**2 + 54*k - 112. Calculate i(52).
-8
Let l(b) = -9*b**3 - 3*b**2 + 3. Determine l(-1).
9
Let b(f) = -5*f**2 + 8*f - 2. Calculate b(7).
-191
Let r(m) = -m - 85. Calculate r(-28).
-57
Let m(p) = -p**3 + 18*p**2 + 91*p - 66. Determine m(22).
0
Let h(s) = -8*s**3 - 2*s**2 - 2*s - 1. Calculate h(-1).
7
Let i(s) = -18*s + 24. What is i(-5)?
114
Let u(c) = c**3 - 8*c**2 - 8*c + 19. What is u(10)?
139
Let u(j) = 5*j**2 + 26*j + 2. What is u(-5)?
-3
Let l(z) = 7*z - 6. Calculate l(-5).
-41
Let t(b) = b**2 - 6*b - 13. Give t(9).
14
Let s(k) = -17*k**2 - 1. Calculate s(-1).
-18
Let f(z) = z**2 - 6*z - 83. Determine f(12).
-11
Let a(r) = -r**3 - 2*r**2 + 5*r + 4. Calculate a(-4).
16
Let a(s) = -s**3 + 3*s**2 - 2*s + 14. Determine a(0).
14
Let s(c) = 4*c + 8. Give s(0).
8
Let l(x) = -6*x + 2. What is l(-4)?
26
Let y(v) = v**2 + 12*v + 3. Determine y(-13).
16
Let u(t) = -t**3 + 6*t**2 - 7*t + 6. Calculate u(4).
10
Let s(z) = -2*z**2 - 5*z + 21. Determine s(6).
-81
Let r(p) = p**2 + 9*p + 46. Determine r(-4).
26
Let m(n) = n**3 + 6*n**2 - 8*n + 7. Determine m(-7).
14
Let p(g) = -g**2 + 4*g - 7. Determine p(5).
-12
Let g(x) = -x - 9. Give g(7).
-16
Let v(l) = l + 5. Give v(6).
11
Let n(b) = b**2 - 7*b - 7. Give n(7).
-7
Let i(p) = -p**3 + 27*p**2 - 25*p + 21. Give i(26).
47
Let c(x) = -5*x**3 + 1. Determine c(1).
-4
Let l(k) = -6*k**2 + 49*k - 14. Calculate l(8).
-6
Let c(s) = -2*s**2 + 62*s - 481. Give c(15).
-1
Let z(d) = d**2 + 5*d - 3. What is z(2)?
11
Let l(o) = -2*o - 4. Give l(18).
-40
Let j(u) = -7*u + 84. Give j(13).
-7
Let a(d) = 26*d**2 + 6*d + 4. Give a(-1).
24
Let u(t) = 2*t**2 + 2*t - 2. What is u(1)?
2
Let z(t) = -6*t + 22. What is z(4)?
-2
Let m(k) = 2*k**2 - 7*k + 7. Calculate m(3).
4
Let b(t) = t**3 - 8*t**2 - 9*t - 1. What is b(9)?
-1
Let t(u) = -u**3 - 14*u**2 - 13*u - 11. Calculate t(-13).
-11
Let w(c) = c**2 - 13*c - 3. What is w(12)?
-15
Let u(l) = 9*l - 22. Determine u(5).
23
Let k(i) = 5*i - 20. What is k(-12)?
-80
Let w(z) = -z**3 + 24*z**2 + 54*z - 63. Calculate w(26).
-11
Let g(x) = -2*x + 29. Determine g(12).
5
Let i(c) = 10*c - 39. Determine i(4).
1
Let i(r) = r**3 + 8*r**2 - 63*r + 12. Calculate i(-13).
-14
Let v(o) = o**2 + 16*o + 32. What is v(-9)?
-31
Let a(c) = -85*c + 2. What is a(-1)?
87
Let g(j) = -5*j - 7. What is g(3)?
-22
Let h(w) = -w**2 + 20*w - 5. Calculate h(19).
14
Let h(g) = 2*g - 11. Determine h(8).
5
Let c(n) = 2*n**3 - 6*n**2 - n - 1. What is c(3)?
-4
Let z(k) = -2*k**3 - 46*k**2 - 2*k - 45. Give z(-23).
1
Let m(p) = 3*p + 79. Determine m(-31).
-14
Let i(m) = -4*m**2 - 10*m - 1. What is i(-3)?
-7
Let f(n) = n - 10. Give f(0).
-10
Let i(h) = h**2 - 5*h - 14. Give i(0).
-14
Let y(h) = 2*h - 3. What is y(0)?
-3
Let i(y) = -21*y**3 + y**2 + 8*y + 7. Calculate i(-1).
21
Let c(a) = -a**3 - 22*a**2 + a + 17. Give c(-22).
-5
Let v(d) = d**2 + 9*d + 3. Give v(-6).
-15
Let n(f) = -f**3 + 7*f**2 + 6*f + 7. Calculate n(8).
-9
Let g(w) = 5*w**2 + 4*w + 3. What is g(-1)?
4
Let u(c) = -2*c**3 + 77. Calculate u(0).
77
Let f(h) = 4*h - 21. Give f(7).
7
Let b(d) = -d**2 - 4*d + 5. Calculate b(-6).
-7
Let z(v) = v**2 - 4*v - 71. Determine z(0).
-71
Let r(h) = -h**2 - 2*h + 1. Determine r(7).
-62
Let h(b) = -4*b**2 + b. What is h(-1)?
-5
Let z(m) = -m**3 + m**2 + 9. Determine z(0).
9
Let x(m) = 3*m**3 + 3*m**2 + 5*m + 1. Calculate x(-1).
-4
Let s(w) = w**3 - 12*w**2 - 15*w - 18. Give s(13).
-44
Let q(h) = h**3 + 8*h**2 - 4*h - 17. What is q(-8)?
15
Let i(m) = m**2 + 6*m + 6. Determine i(-6).
6
Let c(g) = 14*g - 2. Determine c(2).
26
Let b(d) = d**3 + 7*d**2 + 9. Give b(-7).
9
Let h(m) = -m**2 - 9*m + 7. Give h(-6).
25
Let h(w) = -7*w + 93. What is h(14)?
-5
Let d(z) = -z**3 - 10*z**2 + 12*z + 15. What is d(-11)?
4
Let d(h) = 5*h - 5. Give d(2).
5
Let z(d) = d**3 + 6*d**2 + 2*d + 7. What is z(-6)?
-5
Let i(w) = -4*w + 20. Calculate i(5).
0
Let w(h) = -2*h**3 - 14*h**2 - 10*h + 10. What is w(-6)?
-2
Let v(o) = -o**3 + 6*o**2 + 4*o - 22. Determine v(4).
26
Let o(t) = -14*t + 11. What is o(-2)?
39
Let z(g) = g**3 - 6*g**2 - 8*g - 2. Give z(7).
-9
Let j(s) = -s**3 - 24*s**2 + 24*s - 29. What is j(-25)?
-4
Let w(x) = -x**3 + 4*x**2 + 5*x + 2. Calculate w(5).
2
Let r(v) = v**2 - 4*v - 8. Calculate r(9).
37
Let c(a) = -4*a + 4. What is c(-5)?
24
Let v(k) = -8*k**2 + 2*k - 1. Determine v(-2).
-37
Let n(f) = -18*f + 1. Determine n(1).
-17
Let i(r) = -r**2 + 61*r - 333. What is i(55)?
-3
Let s(z) = z**3 + 2*z**2 - z + 55. Determine s(0).
55
Let t(v) = 7*v**2 - 4*v - 1. Give t(-1).
10
Let t(v) = 4*v + 28. What is t(-16)?
-36
Let n(v) = 2*v**3 - 17*v**2 - 10*v + 36. Determine n(9).
27
Let s(z) = -2*z**2 - 10*z - 6. What is s(-5)?
-6
Let n(z) = -z**3 + 3*z**2 + 4*z + 2. Determine n